se -21 = -3*n + 2*c, 2*c + 12 = 6*c. What is the units digit of s(n)?
0
Let y = -186 - -363. What is the tens digit of y?
7
Let w(h) = h**3 + 2*h**2 - 3*h + 2. Let c be -2 + (1 - 2) + 0. Let k be w(c). What is the units digit of (6/12)/(1/k)?
1
Let f(v) = -6*v**3 - 3*v**2 - 3*v + 3. What is the units digit of f(-2)?
5
Let v(b) = -26*b**2 - b. Let n(h) = -h**2 + h. Let y(j) = -2*n(j) - v(j). What is the units digit of y(1)?
7
Suppose -c + 8 = -14. What is the tens digit of c?
2
Let h(j) = j**2 + j + 1. Let q(f) = -f - 3. Let w be q(-5). Let c be h(w). Let x = c + -1. What is the units digit of x?
6
Suppose -5*j - 472 = -j. Let m = -66 - j. What is the tens digit of m?
5
Suppose 3 = 3*g - 2*g. Let f = 8 + g. What is the units digit of f?
1
What is the tens digit of (-2 - -36) + 1/(-1)?
3
Suppose -y - 3 + 0 = 0. Let k be (y/(-2))/(3/4). Suppose 0 = -3*w - 2*g + 6 + 1, k*w = -3*g - 2. What is the units digit of w?
5
Let u = 27 + 16. What is the tens digit of u?
4
Suppose 0 = -2*s + 3*c, -3*s + 11 = 5*c - 4*c. Let p(q) = 1 + 4*q - s*q + q. What is the tens digit of p(5)?
1
Let j(y) = -28*y**3 + 4*y**2 + 4*y - 3. What is the hundreds digit of j(-2)?
2
Let a(k) = -k**3 + 6*k**2 + k - 6. Let q be a(6). Suppose 0 = -b - b + 8. What is the units digit of (8 - q)*2/b?
4
What is the tens digit of 53 - 4/12*-3?
5
Let d = -51 + 102. What is the tens digit of d?
5
Suppose 18 = 2*d - 52. What is the tens digit of d?
3
Suppose 76*r - 71*r = 1225. What is the units digit of r?
5
Let u be ((-36)/30)/(3/(-15)). Suppose 2*a = -3*s - 11, -4*s - 24 = -2*a - 0*s. What is the units digit of u + ((-6)/3)/a?
5
Suppose 0 = -0*u + u + 8. Let i = u - -14. What is the units digit of i?
6
What is the units digit of (4 - (7 - 4))*41?
1
Let h(r) = -r - 7*r - 6 + 4*r. What is the units digit of h(-5)?
4
Suppose 2*z + 0*p + 1 = -p, 5*z = 3*p + 3. Let v = z + 3. Suppose 0 = 3*g - v*l + 2*l - 9, 0 = -3*l + 9. What is the units digit of g?
4
What is the tens digit of -2 + 4/1 + 33?
3
Let m be 3 + 1 + -4 - -3. Suppose -18 = -3*v - m. What is the units digit of v?
5
Suppose 3*m + 8 = -5*v, 3*v - 5 = 4*m + 25. Let o = m - -13. What is the units digit of o?
7
Suppose 120 = 2*i + i. What is the units digit of i?
0
Let s(w) = -w**2 - w - 1. Let n(k) be the second derivative of 3*k**4/4 + k**3/3 + 2*k**2 + 2*k. Let x(l) = n(l) + 3*s(l). What is the units digit of x(1)?
6
Suppose c + 6 = 3. Let d be 1/((c/18)/(-1)). Suppose 0 = 2*r - 2*f - 6, r - 3*f = f - d. What is the units digit of r?
6
Let z = -40 + 63. What is the units digit of z?
3
Let u(o) = o - 5*o - 2*o**2 + 0*o**2 + 3*o**2 + 3. What is the units digit of u(4)?
3
Suppose -11 = 3*m + 2*v + 17, 9 = m - 3*v. Let s = -3 + m. Let o = 2 - s. What is the units digit of o?
1
Suppose 4*q - 6 = 10. Suppose -q*m + 5 + 3 = 0. Suppose 24 = m*u + u. What is the units digit of u?
8
Let j(a) = a**2 - a + 51. What is the tens digit of j(0)?
5
Suppose 3*d = 2*s - 1 + 13, -3*d + 21 = -5*s. Let t = 2 - d. Suppose 4*v + 5*n - 36 = t, 4*n + 60 = 2*v + 16. What is the units digit of v?
4
Let q(s) be the second derivative of -s**5/20 - s**4/6 + s**3/6 + s**2 + 14*s. Let y = 2 + -5. What is the units digit of q(y)?
8
Suppose 1 = 4*w - 7. What is the units digit of (-6)/(-4) - (-1)/w?
2
Let y(v) = 8*v**3 - 4*v**2 + 2*v - 2. What is the tens digit of y(3)?
8
Suppose 0*t = 4*t. Suppose -2*x = -8, 5*h + 4*x - 24 = 12. Suppose h*i = 12, t*k - 3*i = -4*k + 15. What is the units digit of k?
6
Let v = -11 + 51. What is the units digit of v?
0
Suppose u + 2*s + 7 = 0, 1 = 4*u + 2*s - 1. Let w(t) = t + 3. Let r be w(u). Suppose -n - r = -4*n. What is the units digit of n?
2
Let h = 1 - 1. Suppose -3*o + 2*s = -9, -13 + 1 = -4*s. Suppose 24 = 2*m - 2*t, 3*m - 4*t - o - 35 = h. What is the units digit of m?
8
Let y(o) = -29*o**3 + o**2 + 2*o + 1. Suppose x = 2*x + 1. What is the units digit of y(x)?
9
Let x(u) = -3*u + 4. Suppose 5*n + w + 2*w + 23 = 0, 3*n + 13 = -2*w. What is the units digit of x(n)?
5
Let c = 11 - 11. Suppose -g + 2*a + 27 = 2*g, c = -g - 4*a + 9. What is the units digit of g?
9
Suppose -590 = 63*l - 68*l. What is the hundreds digit of l?
1
Let t(k) = 1 + 3 - k**2 - 2*k - 3 + 11*k. What is the tens digit of t(7)?
1
Suppose -29*j = -26*j - 636. What is the units digit of j?
2
Suppose 3*q = 3*d - 6*d + 12, 0 = -5*d - q + 36. Let y be d/10*(-5)/(-1). What is the tens digit of 42/4 + 2/y?
1
Suppose -2*v - v - 8 = r, -5*r + 14 = -3*v. Suppose 3*j - i = 0, -5*j = -4*i + 8 - r. What is the units digit of j?
1
Suppose -4*a + 272 = 8*o - 4*o, 2*o - 140 = -a. Suppose 3*n + 3*i = o, 4*n + i - 96 = 6*i. What is the units digit of n?
4
Suppose -g = -6*p + p + 201, -5*g - 21 = -p. What is the tens digit of p?
4
Let s = -18 - -119. What is the units digit of s?
1
Let o(k) = 2*k. Let t(d) = 96*d. Let s(c) = 88*o(c) - 2*t(c). Suppose -3*h - 1 - 2 = 0. What is the units digit of s(h)?
6
Suppose -l = -y - 256, -2*y + 7*y - 1230 = -5*l. What is the tens digit of l?
5
Let l(j) = 0*j + 4*j**2 + 3 - j**3 + j - 5*j**2 - j**2. Let o(v) = v**2 + 4*v. Let t be o(-3). What is the units digit of l(t)?
9
Let h(l) = 3*l**2 - 2*l - 7. What is the tens digit of h(3)?
1
Suppose 2*a + 308 = 4*w, -3*w - 2*a + 231 = -a. What is the tens digit of w?
7
Let o(b) = b**3 - 6*b**2 - 4*b - 3. Let w be o(5). Let h = 73 + w. What is the tens digit of h?
2
Let d be -3 + (-9)/(-1 + -2). Suppose d*l = l - 21. What is the units digit of l?
1
Let y(t) = t - 2. Let h be y(4). Suppose -h*q + 38 = 6. Suppose 2*o = q - 0. What is the units digit of o?
8
Suppose -116 = -4*a + 5*l, -2*a + l = 3*l - 40. Let v = a + -12. What is the units digit of v?
2
Suppose 4*y + 2*l = -y + 190, 3*l = y - 21. What is the units digit of y?
6
Suppose -3 = 3*v - 3*r, -3*r + 4*r = 0. Let w be (-10)/4*(-1 - 1). Let s = v + w. What is the units digit of s?
4
Let m = 479 - 250. What is the tens digit of m?
2
Suppose -28 - 22 = -5*s. Suppose 3*p + 2*f - 7*f - s = 0, 17 = 4*p - 3*f. What is the units digit of p?
5
Let x = 29 - -139. What is the units digit of x?
8
Let d = -5 + 8. Let f be 4 + d/6*-4. Suppose -3*i + 33 = f*y, -2*i - 39 = -3*y - 3*i. What is the tens digit of y?
1
Suppose -2 = -m - 1. Let c be (m/2)/(1/(-22)). Let r = -7 - c. What is the units digit of r?
4
Let s(x) = -x**3 - 9*x**2 + 3*x - 5. Let j be s(-10). Let a be (-2)/(-3) + j/15. What is the units digit of (-2)/5 - (-52)/a?
0
Let g be 23/7 + (-6)/21. Suppose 54 = -0*m + g*m. What is the units digit of m?
8
Suppose 0 = 3*c - c + 8. Let i be (10/(-4))/(2/c). Suppose 3*w - 2 = -i*v + 44, 0 = -4*w - 12. What is the units digit of v?
1
Let w(o) = -o + 1. Let r(a) = -6*a. Let g(s) = -r(s) + 5*w(s). What is the tens digit of g(8)?
1
Let q(z) = -z**2 + 8*z - 4. Let n be q(6). Let l(o) be the third derivative of o**4/12 - 4*o**3/3 + o**2. What is the units digit of l(n)?
8
Let l be 18*((-6)/9)/(-2). What is the units digit of (-1)/3 - (-14)/l?
2
Let d(m) = m - 2. Let k be d(2). Suppose k*i + i = 16. Suppose r = i - 4. What is the tens digit of r?
1
Let p(v) = -v**3 + 4*v**2 + 6*v + 5. What is the tens digit of p(5)?
1
Suppose 2 = s - i - 6, -4*i = -3*s + 24. Suppose -x + 2*x - s = 0. What is the units digit of x?
8
Let c(j) = -j**3 - 4*j**2 + 7*j - 7. What is the tens digit of c(-6)?
2
Let n(u) = -3*u - 4 + 1 + 1. What is the units digit of n(-3)?
7
Let i(k) = k - 3. Let d be i(7). Suppose 3*p = 6, d*x - 2*x - 22 = p. What is the units digit of x?
2
Suppose 5*d - 214 - 51 = 0. What is the tens digit of d?
5
Suppose -2*v + 20 = 2*v. Suppose 37 = -v*x - 2*a, -4*a = -4*x - 0*a - 52. What is the units digit of 2/3*x/(-6)?
1
Let f = 36 + 34. Let i = 42 - f. What is the units digit of (1 - -1)*i/(-8)?
7
Let w(m) = -4*m - 18. Let j be w(-4). Let q(u) be the first derivative of -9*u**2/2 + 1. What is the tens digit of q(j)?
1
Let o be (-36)/3 - (-2 + -1). Let j be (-4)/(-18) + (-7)/o. Suppose -3*h - j = -13. What is the units digit of h?
4
What is the tens digit of 2/(-7) + (-648)/(-63)?
1
Let x = 44 - -24. What is the units digit of x?
8
Suppose 32 = -2*w - 0*w. Let h = w + 40. What is the units digit of h?
4
What is the units digit of ((-58)/3)/(4/(-6))?
9
What is the units digit of ((-2)/4)/(4/(-248))?
1
Let c(g) = 2*g**2 - g - 1. Let b be c(-1). Suppose -2*y = -